prime factors of k?
3
Suppose 4*u - 3*a = -0*a - 38, -u = 5*a - 2. Let s = -6 - u. List the prime factors of s.
2
Let q = 54 + -75. Let k = -14 - q. Let z = k + -4. List the prime factors of z.
3
Suppose -16 = 4*t, -3*a + 5*t = -7*a + 148. Suppose 4*r - g + 115 = 0, 4*r + 83 + a = -g. List the prime factors of (-132)/r - 4/10.
2
List the prime factors of 39 + 4 + -1 + -3.
3, 13
Let m = -4 + 9. Suppose -m*d = -0*d. Suppose d = 5*x - 9 - 36. List the prime factors of x.
3
Let x(i) = i**3 + 9*i**2 + 4*i + 7. List the prime factors of x(-7).
7, 11
List the prime factors of (-11)/((-33)/171) - (-1 + -2).
2, 3, 5
Let b be 2/1 + (0 - -1). Suppose b*s - 12 = -s. List the prime factors of s.
3
Let p be -13 + 2 + 8/(-2). Suppose 0*n = 5*n + 45. Let a = n - p. List the prime factors of a.
2, 3
Suppose -5*v + 20 = 0, 0 = -3*j - 3*v - 109 + 391. What are the prime factors of j?
2, 3, 5
Let j = -76 - -157. Suppose 3*o - n - j = -o, 3*o = -2*n + 58. List the prime factors of o.
2, 5
Let r(a) = -3 - 4 + 4 - a**2 - 6*a + 5. List the prime factors of r(-5).
7
Let p(u) = -u**3 - 8*u**2 + 10*u + 13. Let g be p(-9). Suppose 0 = -g*f + 5*j - 11, 3*f - f = -5*j - 13. What are the prime factors of 158/18 + f/(-18)?
3
Suppose 8 + 2 = 5*j. Suppose 3*n = 4*s - 182, 0 = -5*s - j*n - 2*n + 212. List the prime factors of s.
2, 11
Let f(j) = -j + 21. Let n(g) = 2*g - 32. Let w(l) = -8*f(l) - 5*n(l). List the prime factors of w(-10).
2, 3
Suppose 0 = 5*u - 17 - 3. Suppose -14 = -u*s + 3*s. What are the prime factors of s?
2, 7
Let j(s) = -3*s - 4*s - 2*s**3 + 3*s**3 + 3*s - 3 - 5*s**2. Let k be 2/(-3) - (-40)/6. List the prime factors of j(k).
3
Suppose -4*h + 5*h = -75. Let v be (h/10)/(1/(-2)). List the prime factors of (-10)/(-2)*39/v.
13
Suppose 5*o = 21 + 19. Let s(d) = 2*d - 10. Let y be s(o). Suppose y*z - 8*z + 36 = 0. List the prime factors of z.
2, 3
Let b be (-11)/(-2) + (-3)/6. Suppose -s = -6*s - b. What are the prime factors of (-7*3 + s)/(-2)?
11
Suppose -72 = -2*a - 2*a. Suppose -s - p - 3*p - a = 0, 2*p = s + 6. List the prime factors of ((-14)/(-5))/((-2)/s).
2, 7
Let z(x) be the third derivative of -x**6/120 + 3*x**5/20 - x**4/3 + x**3/2 - 2*x**2. Suppose 3 + 13 = 2*t. List the prime factors of z(t).
3
Let f = -8 + 15. Let x = -4 + f. List the prime factors of x.
3
Let y = 10 + -6. Suppose 0 = t - y*t + 108. Suppose -24 = -4*g + m + 3*m, 0 = -g - 5*m + t. What are the prime factors of g?
11
What are the prime factors of 82 + (3 - 7) + -3?
3, 5
What are the prime factors of 4 + (-4)/6*-6?
2
Suppose 5*k + 5*i - 1625 = 0, k - 2*i - 340 = -0*k. List the prime factors of k.
2, 3, 5, 11
Let u(f) = 2*f**2 + f - 13. List the prime factors of u(6).
5, 13
Suppose -6*l + l + 4 = 2*r, 2*r - 4 = -2*l. Suppose 3*n - 11 = -2*i, 5*n - 2*i = -i + 27. Suppose c + q - 5 = -r*q, n*q = 0. What are the prime factors of c?
5
Let a(s) = -s**2 + 2*s + 10. List the prime factors of a(-2).
2
Let m = -5 + 57. Suppose 4*x - 4 = m. What are the prime factors of x?
2, 7
Suppose 5*f + 5 - 180 = 0. Suppose 3*s - c + 1 = 5, 4*c = -5*s + f. Suppose 5*u - 78 = z, -s*u + 4*z = u - 56. List the prime factors of u.
2
Let y(n) = -n + 1. Let u be y(-5). Let a be 1 - -2 - (-2 + u). What are the prime factors of -2 + (a - -2) + 7?
2, 3
Let y = -3 - -6. Suppose 0 = -y*x + 10 + 17. What are the prime factors of x?
3
Let b(d) = 43*d + 24. List the prime factors of b(6).
2, 3, 47
Suppose -3*l = -l + 5*r + 14, 4*l = -5*r - 28. Let n be (-20)/(-8)*(-1 - l). Suppose 3*g - n = 15. List the prime factors of g.
2, 5
Let c(i) = i**2 + 4*i + 4. What are the prime factors of c(-7)?
5
List the prime factors of (-7 - (-2452)/18) + (-2)/9.
3, 43
List the prime factors of 36/6*-1*(-4 + -67).
2, 3, 71
Let t = 3 - 5. Let z(g) = -3*g**3 - 4*g**2 - 3*g - 1. Let v be z(t). Let l = 23 - v. What are the prime factors of l?
2, 5
List the prime factors of 10944/176 - (-4)/(-22).
2, 31
Suppose -1652 = -5*x - 3*f, -2*f = -3*x - 398 + 1393. What are the prime factors of x?
331
Let l be -4*2/(-4) - 22. List the prime factors of 0 + (-1)/(1/l).
2, 5
Let m = 5 + -8. What are the prime factors of 6*m*(-3)/6?
3
Let o = 34 + -24. Suppose 3*s - 55 = -o. What are the prime factors of s?
3, 5
Let g(t) = 5*t - 17. List the prime factors of g(16).
3, 7
Let o(k) = k**3 - 5*k**2 + k + 1. Let y be o(5). Let b(x) = x + 4. Let m be b(y). Let d = m + -2. What are the prime factors of d?
2
Let a(v) = v**2 + v + 1. List the prime factors of a(-7).
43
Let z(g) = g**3 - 8*g**2 + 6*g - 10. Let y be z(7). Suppose 5*f - 13 = -33. Let j = f - y. List the prime factors of j.
13
Let h = 54 + -52. List the prime factors of h.
2
Let v(m) = 12*m**2 - 2*m + 1. Suppose -19 = -4*x + 5*a, 3*x + 7 = -3*a + 1. What are the prime factors of v(x)?
11
Suppose 2*j = 2*t - t + 595, 4*t = -4. What are the prime factors of j?
3, 11
Let j(l) = -11*l + 3. Let b(w) = -11*w + 4. Let s(q) = -4*b(q) + 5*j(q). Let v = 1 - 2. List the prime factors of s(v).
2, 5
Let w(l) = -l**2 - 7*l + 1. Let m be (7/(-2))/((-2)/(-4)). Let k be w(m). List the prime factors of 1*(k*-7)/(-1).
7
What are the prime factors of 3/(-9) - 678/(-9)?
3, 5
Let z be (-50)/(-13) + (-8)/(-52). Suppose 0 = -3*m + m + z. What are the prime factors of m?
2
Suppose -t = 2*d - 9, -5*d - t + 33 = -2*t. Let k(n) = -7*n + 8*n + 0*n**3 + 8 - 6*n**2 + n**3. What are the prime factors of k(d)?
2, 7
Suppose -4*t = -3*t + 2. Let d be (-5 + 3)/(t/29). Suppose 5*n - d - 41 = 0. List the prime factors of n.
2, 7
Suppose 2*n - 4 = 6. Suppose n*u + 255 = 5*o, -3*o - 93 = 2*u - 2*o. What are the prime factors of u/(-5) + 14/35?
2, 5
Let y(a) = -a**2 - 4*a + 2 - a**3 - 15 + 5*a. Let t be y(0). Let p = 19 + t. List the prime factors of p.
2, 3
Let d be -29 - (-3)/(6 + -3). Let y be -2*2*385/d. Suppose 4*v - u - 80 + 16 = 0, -u = 3*v - y. What are the prime factors of v?
17
List the prime factors of -1 + -2 + (-52)/(-2).
23
Suppose j = 6*j - 20. Suppose j = 5*l - 16. Let n = -2 + l. List the prime factors of n.
2
Let p(t) = 29*t**2 + 1. Let k(i) = -i**2 - 7*i - 1. Let c be k(-7). What are the prime factors of p(c)?
2, 3, 5
Let q = 4 + -4. Let z(y) = -y**2 + 3. What are the prime factors of z(q)?
3
Let l = 6 + -5. List the prime factors of 9 + (-3)/l*1.
2, 3
Suppose 0 = 4*g - 4*n - 156, n = -g - 3*n + 34. What are the prime factors of g?
2, 19
Suppose 23 = 4*v - 0*p + 3*p, 3 = -p. Let d be (-42)/v - 1/(-4). Let y = d + 9. List the prime factors of y.
2
Suppose -39 = 5*g - 779. List the prime factors of g.
2, 37
Let v = 0 - -3. Let a(i) = i**3 - i**2 + i - 3. List the prime factors of a(v).
2, 3
Let y be (-2)/(-4) + 20/8. Let n = y - 2. Let z = 8 + n. What are the prime factors of z?
3
Let n be -2 - ((-2 - -4) + -3). Let i be (2/(-4))/(n/6). Suppose -2*y + i*y = 2. List the prime factors of y.
2
Let d(l) = 18*l + 19. What are the prime factors of d(7)?
5, 29
What are the prime factors of (-4)/(-8) - (-585)/6?
2, 7
Suppose -7*i + 580 = 55. List the prime factors of i.
3, 5
Suppose 0 = 3*x - x - 66. What are the prime factors of x?
3, 11
Let d = 15 - 7. Suppose 0*j + 4*j - d = 0. Suppose 0 = 3*h - j*h - 2*l - 10, 3*h + 2*l - 14 = 0. What are the prime factors of h?
2, 3
Let o(k) = 43*k**2 - k. Let u be (-2)/(-3)*(-6)/4. What are the prime factors of o(u)?
2, 11
Suppose 6*h + 4500 = 21*h. What are the prime factors of h?
2, 3, 5
Suppose -l - 3 = q + 4*q, 2*q = -3*l + 17. Suppose -l*o - 60 = -12*o. List the prime factors of o.
2, 3
Suppose 4*k + 4*n = 32, 2*k - 3*k - 3*n + 14 = 0. Suppose 12 + 13 = k*b. What are the prime factors of b?
5
Suppose -f + 3 = 5. Suppose 3*n + 13 + 11 = 0. What are the prime factors of n/(-16) + (-19)/f?
2, 5
Suppose -5*v - 2*c = -190, 2*c + 3*c = v - 65. Suppose h - 3*x + 3 = 0, 4*x + 0*x - 5 = h. Suppose -h*i = i - v. List the prime factors of i.
2, 5
Suppose s = 9 + 1. Suppose -50 = -3*v + s. List the prime factors of v.
2, 5
Suppose -7 = j - 4*l - 50, -4*l - 124 = -4*j. Suppose 4*o + o + z - j = 0, o - z = 9. What are the prime factors of o?
2, 3
Suppose 0*o - 2*o + 4*i + 12 = 0, 0 = -3*o - i + 4. Suppose -s + o*s = -3*y + 4, 7 = 5*s + 2*y. Suppose q - 7 = s. What are the prime factors of q?
2
Suppose -2*i = -i. Suppose i = -2*o + 69 - 9. List the prime factors of o.
2, 3, 5
List the prime factors